 9*l - 5*v + 65 = 4*l. Let a(g) = l*x(g) - 5*p(g). Determine a(-8).
15
Let j(s) = 306*s**2 - 490 + 2*s + 491 - 6*s - 305*s**2. Let t = 5 + 1. What is j(t)?
13
Let s(z) = -2*z - 14. Suppose -5*t = -6*d + 3*d + 904, 2*d = -4. Let r be 8/52 - (-28)/t. Determine s(r).
-14
Let g(l) be the first derivative of l**3/6 - 7*l**2/2 + 6*l + 34. Let j(q) be the first derivative of g(q). Calculate j(6).
-1
Let i(q) = 16*q - 6. Let f = -1632 - -1627. Determine i(f).
-86
Suppose -o + 12 = 3*o. Suppose 2*y + o*x = -0*y + 28, -4*y = 5*x - 52. Suppose -12 = 4*c + y. Let p(q) = 2*q**2 + 6*q - 7. What is p(c)?
13
Let s = -6243 + 6240. Let x(k) be the third derivative of -k**6/120 - k**5/15 - k**3/6 + k**2. What is x(s)?
-10
Let v(p) = 7*p + 9. Let x be v(0). Let s(a) = -1 - 8*a - 9 + x*a. Calculate s(10).
0
Let o(b) = -b**3 - 13*b**2 - 6*b - 19. Let y(t) = -t**3 + 21*t**2 - 104*t + 30. Let q be y(7). Give o(q).
-91
Suppose -y - 6*y = -2*y. Let r = y - -6. Suppose 0 = -5*h + r*h + 5. Let l(g) = -g**3 - 6*g**2 - 2*g + 3. What is l(h)?
-12
Suppose 5*l - 17 = 4*q, 5*q + 4 = 4*l - 15. Let p be 26/3 + q/(-9). Let o(x) = -23*x + 20*x - 1 - 1 + 4. What is o(p)?
-25
Let u(l) be the third derivative of -l**4/4 - l**3/2 - 5*l**2. Let n be ((-68)/12 - -5)*-6. Let i(b) = -5*b - 2. Let k(j) = n*i(j) - 3*u(j). Calculate k(4).
-7
Let d(u) = -12 + 4 + 5 + 4 - 2. Let b(q) = q - 2. Let o(m) = -b(m) + 2*d(m). Suppose 3*z - 11 = 4*s + 9, 8 = -4*s. Determine o(z).
-4
Let u be (-45)/(4050/72)*5. Let n(r) = r**3 + 2*r**2 - 12*r - 11. What is n(u)?
5
Let m(t) = 2*t + 4. Suppose 0 = -4*o - 3*i + 9, -5*o + 16 = 5*i + 1. Suppose 88*j - 84*j + 20 = o. Calculate m(j).
-6
Let w be (-3)/(-4) - (-412)/(-16). Let i = w + -12. Let o = -35 - i. Let u(l) = -6*l + 2. Give u(o).
-10
Let w(y) = -8*y**2 - 26*y - 26. Let o be w(-1). Let r(k) = 8*k - 24. Let s(u) = 3*u - 12. Let f(g) = -3*r(g) + 7*s(g). Determine f(o).
12
Let r(c) = -6*c + 10*c + 10*c - c**3 + 364 - 365. Give r(-4).
7
Let b(o) = -o**3 + 10*o**2 - 15*o - 2. Suppose 482 - 405 = 11*q. What is b(q)?
40
Let z be ((-45)/(-20))/((-1233)/408 + 3). Let n = z - -111. Suppose -h + 18 = 4*h - 4*i, 3*h = 3*i + n. Let p(v) = v**2 - 6*v + 4. Give p(h).
4
Let i(y) = 3*y**2 - 9*y - 2. Suppose 1941 = -17*x + 1992. What is i(x)?
-2
Let z(x) = -x**2 + 1. Let s = -50 - -53. Let y(h) = 4*h**2 - 4*h - 11. Let a(q) = s*z(q) + y(q). Let l = 16 - 10. Give a(l).
4
Let d(g) be the third derivative of 7*g**4/8 - 2*g**3/3 + 7*g**2. Let w be d(12). Let c(h) = -w - h**2 + h**3 - 2*h**3 + 248. What is c(1)?
-2
Let h(k) be the second derivative of -2*k**3/3 + 17*k**2/2 - 1842*k. What is h(4)?
1
Let m(u) = u**2 + 7*u - 7. Let y be m(-7). Let a(r) = -6 - 12 + r - 14 + 48 - 14. What is a(y)?
-5
Let v(p) = -6*p + 14. Let f(x) = -17*x + 41. Suppose 8*n - 18 = 2*n. Let b(k) = n*f(k) - 8*v(k). What is b(8)?
-13
Suppose -34*x + 41*x = 56497. Let k(u) = -x + 8066 + u + 0*u. Determine k(8).
3
Let g = -1263 - -1968. Let a be 4/(-10) + g/75. Let x(t) = t**3 - 10*t**2 + 11*t - 8. Calculate x(a).
10
Let l = -6641 + 6642. Let r(s) = 4*s**2 - 4*s - 3. Let c(t) = 3*t**2 - 3*t - 2. Let d(i) = 3*c(i) - 2*r(i). Calculate d(l).
0
Let o(r) = r**3 - 10*r**2 + r - 1. Suppose 2*l + 5*i = -462, -95 = -3*l - 5*i - 783. Let y = l + 236. Give o(y).
9
Suppose 2*g = 4*i - 10, -4*i + 2*g = -9*i + 26. Let a(l) = i*l - 56 + 27 + 28. Let j = 322 - 319. Calculate a(j).
11
Let r(g) = g**2 + 16*g - 198. Let u = 7451 - 7443. Calculate r(u).
-6
Let v be 12 + (-2 - (-5 + 10)). Let w(s) = 7*s + 3 - v*s + 2*s + s - 3*s. Calculate w(6).
15
Let s(t) be the second derivative of -t**3 + t**2 - 2*t. Suppose 8 = 5*u - 12. Suppose -j = -3*j - u. Give s(j).
14
Let x(s) = -s**2 + 9*s - 2. Let b(f) = -4*f**2 - 16*f + 25. Let l be b(-5). Let m(n) = -2*n**2 + 19*n - 3. Let q(t) = l*x(t) - 2*m(t). What is q(6)?
2
Let c(f) = f**2 - 4*f - 1. Let l(y) = 2*y**2 + y - 6. Let g be l(4). Suppose 5*d + 20 = -g. Let b = -6 - d. Give c(b).
-1
Let c(x) be the third derivative of 1/20*x**5 - 1/120*x**6 + 0*x + 1/6*x**4 - 20*x**2 - 1/2*x**3 + 0. Let h = -14 - -18. Calculate c(h).
-3
Let s be 40/90 - (-1144)/99. Let n(t) = t**3 - 11*t**2 - 10*t + 23. Calculate n(s).
47
Let p(z) be the first derivative of -2*z**3/3 + 3*z**2/2 + 18*z - 11175. What is p(-5)?
-47
Let a(z) = 13 - 10*z**2 - 9*z + 2*z - 18. Let j(u) = 5*u**2 + 3*u + 2. Let c(y) = -4*a(y) - 9*j(y). Determine c(2).
-16
Let v(b) be the third derivative of b**4/8 - 11*b**3/6 + 1988*b**2. Calculate v(5).
4
Let s(q) = 2 + 6*q**2 - 31 - 8*q + 24 + q**3 + 15. Let m(y) = y**2 + 7*y - 7. Let u be m(-7). Calculate s(u).
17
Suppose -4*j + 142 = 2*i, -3*j - 3*i + 114 = -0*j. Suppose -x = -4*x + j. Let k = x + -12. Let v(q) = 15*q**3 + 2*q + 1. Calculate v(k).
-16
Let x(r) = -22*r**2 - 12*r + 44. Let p(i) be the second derivative of -5*i**4/12 - i**3/2 + 11*i**2/2 + 95*i. Let s(h) = -9*p(h) + 2*x(h). Give s(-5).
-1
Let w(l) = -20703*l - 2*l**2 - 6 + 3 + 13 + 20700*l. Calculate w(-5).
-25
Let v(a) = a**2 - 5285*a - 5289*a + 10574*a - 21. Determine v(-4).
-5
Let d(b) = 4*b + 497. Let j(l) = -3*l - 322. Let i(a) = -9*d(a) - 14*j(a). What is i(-11)?
-31
Let x(u) be the first derivative of -2/3*u**3 - 154 - 3*u + 1/2*u**2. What is x(0)?
-3
Suppose 34*g - 6*g + 210 = -7*g. Let s(m) = m**2 + 11*m + 32. Give s(g).
2
Let r(i) = -i**2 + 4*i - 3. Let n be r(3). Let x be 31 - (5 + -5 + -1). Let a(j) = -63 + x + 24 + 26 + j. Calculate a(n).
19
Let r(d) = -d**3 - 11*d**2 - 11*d - 16. Suppose 5*s = -5*g - 75, -17 = -2*s + 2*g - 27. Determine r(s).
-6
Let n(i) = i**3 - i**2 - 2*i - 1. Let r(y) = -y**3 - y**2 + 3*y - 1. Let h be r(1). Suppose h*z = z - 2. Give n(z).
-1
Let s(d) = 46384 - 2*d + d - 23195 - 23155. What is s(15)?
19
Let h(z) = -z**3 + 4*z**2 + 4*z. Let c(v) = v - 1. Let b(r) = c(r) + h(r). Suppose 0 = -6*p + 2*p - 4*l + 28, -5*l + 30 = 4*p. Give b(p).
-1
Let u(l) = l**2 + 3*l + 2. Let c(k) = 2041 + 2*k - 2031 + k. Let o(d) = -4*d**2. Let b be o(1). Let s be c(b). What is u(s)?
0
Let p(v) be the first derivative of 7*v**2/2 + 5*v - 720. Calculate p(-8).
-51
Let i(v) = -11 + 0*v**2 + 4*v**2 + 2*v + 14*v**2 - 11*v**2 - 4*v**3 + 3*v**3. Determine i(6).
37
Let s(n) = -4*n**3 - 3*n**2 + n + 20. Let i(c) = 9*c**3 + 5*c**2 - 4*c - 41. Let g(k) = -3*i(k) - 7*s(k). Calculate g(-5).
-17
Suppose 5*n + 5 = 5*s - 10, -5*n - 55 = 5*s. Let x(v) = -2*v**2 - 9*v - 12. Let c(q) = -5*q**2 - 23*q - 35. Let u(y) = -3*c(y) + 8*x(y). Give u(n).
-19
Let b be 9 - 4/(-12)*-15. Let o(u) = u**2 + u - 1. Let h(i) = -4*i**2 - 4*i + 7. Let w(k) = -h(k) - 3*o(k). Give w(b).
16
Let y(t) be the first derivative of t**4/4 + 5*t**3/3 + t**2 + 2*t + 27. Suppose -4*s = d - 4*d - 98, 2 = -2*s. Let q = d + 30. Give y(q).
10
Let m = -153 - -155. Let j(y) = -5 + 4 - 7*y - 5*y**m + 5*y**3 - 4*y**3 + 0. What is j(6)?
-7
Let f(z) be the first derivative of -3*z**2 - 19*z - 74. Let w be f(-3). Let u(y) = -y + 1. What is u(w)?
2
Let b be ((-158)/4)/((-19)/(-190)). Let f = b + 402. Let o(v) = 3*v - 16. Calculate o(f).
5
Let s be 22218/621 - (-4)/18. Let y(z) = 29 - 59 + z + s. Give y(-12).
-6
Let t(b) = -7*b**3 + 31*b**2 + b - 6. Let w(a) = 12*a**3 - 58*a**2 - 2*a + 9. Let z(g) = 7*t(g) + 4*w(g). Determine z(-15).
9
Let o = -2931 + 2931. Let a(m) = -7*m - 5. Calculate a(o).
-5
Let x(g) = 6*g**2 + 5*g + 20. Let j(q) = -7*q**2 - 8*q - 26. Let l(i) = -3*j(i) - 4*x(i). Let f = 19 + -31. Let t be f/(-4)*(-2)/(-3). Give l(t).
-6
Let q(f) = 4*f + 4*f**2 - 3*f**2 - 2*f**2. Suppose -4*w - 2*n + 12 = 0, 5*w + 4*n + 2 = 17. Let d be q(w). Let t(r) = -r**3 + r**2 + 4*r. Give t(d).
-6
Let b(p) = p + 2*p - 2*p - 2*p + 5. Let x be b(2). Let j(o) = -1 + 0*o**2 - 4*o**2 + 2 + x*o**2 - 10*o**3. Give j(-1).
10
Let m(c) = 10*c - 3 + 15 + 2*c**3 - c**3 + 10*c**2. Let a(w) = 21*w**3 - 85*w**2 + 31*w - 117. Let z be a(4). What is m(z)?
3
Suppose 0 = 3*n - 65 + 14. Suppose 5*g + w - 15 = -1, -2*g + w = 0. Let s(j) = 6*j - 1 - 4*j**2 + n*j**g - 8*j. Give s(-1).
14
Let g(t) = 49*t + 823. Let v be g(0). Let n(a) = 45*a**2 - 50*a**2 - 822*a**3 + 2*a + 7 + v*a**3. What is n(5)?
17
Let t(j) = 7*j**2 + 58. Let n(f) = 8*f**2 - 3*f + 60. Let y(q) = -6*n(q) + 7*t(q). Give y(-15).
1
Let q(z) be the third derivative of 11*z**2 + 0*z - 1/24*z**4 - 5/6*z**3 + 0. Determine q(3).
